test common factor of 667 and 23.
23
What is the highest common divisor of 16 and 1120?
16
Calculate the greatest common divisor of 108 and 228.
12
Calculate the highest common divisor of 4717 and 89.
89
What is the greatest common factor of 406 and 56?
14
What is the greatest common factor of 15207 and 274?
137
What is the greatest common factor of 1215 and 95?
5
What is the highest common factor of 20 and 180?
20
Calculate the greatest common divisor of 400 and 900.
100
Calculate the highest common factor of 39 and 1599.
39
What is the highest common divisor of 5 and 385?
5
Calculate the greatest common factor of 176 and 110.
22
What is the greatest common factor of 73 and 1387?
73
What is the greatest common divisor of 192 and 9312?
96
What is the greatest common divisor of 1150 and 180?
10
What is the highest common factor of 1012 and 748?
44
What is the greatest common factor of 11999 and 426?
71
What is the highest common divisor of 61188 and 12?
12
Calculate the highest common divisor of 896 and 28.
28
Calculate the greatest common factor of 2057 and 17.
17
What is the greatest common divisor of 2806 and 46?
46
What is the highest common factor of 124 and 88?
4
Calculate the greatest common factor of 88 and 120.
8
What is the greatest common divisor of 152 and 114?
38
Calculate the highest common divisor of 74 and 333.
37
Calculate the greatest common divisor of 1649 and 388.
97
Calculate the highest common divisor of 305 and 735.
5
Calculate the greatest common factor of 61 and 1037.
61
What is the greatest common factor of 33488 and 966?
322
What is the highest common factor of 1593 and 236?
59
What is the greatest common divisor of 103 and 721?
103
What is the highest common divisor of 102 and 9282?
102
What is the greatest common divisor of 11 and 4532?
11
Calculate the highest common divisor of 4 and 359.
1
What is the greatest common factor of 36 and 1098?
18
What is the greatest common factor of 1072 and 16?
16
What is the greatest common divisor of 55 and 539?
11
Calculate the greatest common factor of 70 and 18410.
70
Calculate the highest common divisor of 150 and 20550.
150
What is the highest common divisor of 84682 and 26?
26
Calculate the greatest common factor of 16 and 142.
2
Calculate the highest common factor of 324 and 2349.
81
Calculate the highest common divisor of 713 and 46.
23
What is the greatest common divisor of 63 and 11235?
21
What is the greatest common factor of 318 and 265?
53
Calculate the highest common factor of 42 and 28.
14
What is the greatest common factor of 60 and 1080?
60
Calculate the greatest common factor of 420 and 252.
84
What is the highest common factor of 102789 and 243?
243
Calculate the greatest common factor of 239 and 4541.
239
What is the greatest common divisor of 120 and 90?
30
What is the highest common divisor of 117 and 37206?
117
Calculate the greatest common factor of 45 and 40.
5
What is the highest common divisor of 177 and 59?
59
Calculate the greatest common factor of 138 and 150.
6
What is the greatest common factor of 114 and 18?
6
Calculate the highest common factor of 10 and 5990.
10
Calculate the highest common divisor of 126 and 567.
63
What is the highest common factor of 2479 and 296?
37
Calculate the highest common divisor of 528 and 198.
66
Calculate the highest common factor of 111 and 26529.
111
Calculate the highest common factor of 33 and 11.
11
What is the highest common factor of 76 and 19?
19
Calculate the highest common factor of 6265 and 7.
7
Calculate the highest common factor of 8033 and 554.
277
What is the greatest common divisor of 54 and 1242?
54
What is the highest common factor of 35 and 14?
7
What is the highest common divisor of 400 and 1100?
100
Calculate the highest common factor of 276 and 9844.
92
Calculate the greatest common factor of 8804 and 568.
284
Calculate the greatest common divisor of 77 and 187.
11
What is the greatest common factor of 160 and 45?
5
Calculate the greatest common factor of 48 and 112.
16
What is the highest common divisor of 1128 and 48?
24
What is the greatest common factor of 19217 and 11?
11
What is the greatest common factor of 511 and 73?
73
Calculate the greatest common factor of 6940 and 20.
20
What is the greatest common factor of 975 and 26975?
325
What is the highest common factor of 21246 and 6?
6
What is the highest common divisor of 450 and 18?
18
What is the highest common divisor of 189 and 210?
21
Calculate the greatest common divisor of 25 and 2.
1
What is the highest common factor of 495 and 75?
15
Calculate the greatest common factor of 295 and 59.
59
Calculate the highest common divisor of 2511 and 186.
93
Calculate the greatest common factor of 7128 and 44.
44
Calculate the highest common divisor of 3268 and 76.
76
What is the highest common divisor of 969 and 85?
17
What is the highest common divisor of 56 and 252?
28
Calculate the highest common factor of 16 and 20.
4
Calculate the greatest common divisor of 67 and 10519.
67
What is the highest common factor of 232 and 21692?
116
Calculate the highest common factor of 53 and 212.
53
What is the greatest common divisor of 7 and 161?
7
Calculate the greatest common factor of 1984 and 3520.
64
Calculate the highest common divisor of 296 and 74.
74
What is the greatest common factor of 45 and 6?
3
What is the greatest common factor of 1120 and 980?
140
What is the highest common divisor of 27 and 1161?
27
What is the greatest common divisor of 78 and 832?
26
Calculate the highest common factor of 280 and 1855.
35
Calculate the highest common factor of 3093 and 21.
3
Calculate the greatest common divisor of 20 and 4124.
4
What is the highest common divisor of 56 and 196?
28
What is the greatest common divisor of 22 and 8?
2
Calculate the highest common factor of 3456 and 27.
27
Calculate the greatest common divisor of 248 and 8.
8
What is the greatest common factor of 377 and 87?
29
What is the highest common divisor of 28 and 1148?
28
Calculate the highest common factor of 164 and 2419.
41
Calculate the highest common factor of 2795 and 78.
13
What is the greatest common divisor of 2119 and 169?
13
What is the highest common divisor of 170 and 1275?
85
What is the greatest common factor of 126 and 18?
18
What is the highest common divisor of 11409 and 3?
3
Calculate the greatest common divisor of 24 and 3272.
8
Calculate the greatest common factor of 141 and 188.
47
Calculate the highest common divisor of 42 and 70.
14
Calculate the greatest common divisor of 756 and 22491.
189
Calculate the highest common factor of 225 and 50.
25
What is the greatest common divisor of 65 and 1040?
65
What is the greatest common divisor of 17 and 15351?
17
What is the greatest common factor of 14338 and 134?
134
What is the highest common factor of 162 and 666?
18
Calculate the greatest common divisor of 153 and 12699.
153
What is the greatest common divisor of 30 and 440?
10
What is the greatest common factor of 32781 and 49?
49
Calculate the greatest common factor of 8600 and 8.
8
Calculate the greatest common factor of 16 and 1828.
4
Calculate the greatest common divisor of 236 and 32.
4
Calculate the greatest common divisor of 47 and 3713.
47
What is the greatest common factor of 155 and 31?
31
What is the highest common divisor of 6417 and 276?
69
What is the highest common factor of 800 and 50?
50
Calculate the highest common factor of 9443 and 266.
133
Calculate the greatest common factor of 64 and 704.
64
What is the highest common divisor of 1034 and 22?
22
What is the greatest common divisor of 420 and 147?
21
What is the greatest common divisor of 1357 and 483?
23
What is the greatest common divisor of 20 and 20?
20
What is the greatest common factor of 4 and 28?
4
What is the greatest common factor of 10020 and 60?
60
What is the highest common factor of 1701 and 14?
7
What is the greatest common factor of 22 and 38?
2
What is the greatest common factor of 212 and 17596?
212
Calculate the highest common divisor of 387 and 258.
129
Calculate the highest common factor of 623 and 356.
89
Calculate the highest common divisor of 200 and 500.
100
Calculate the highest common factor of 56 and 84.
28
What is the greatest common factor of 1270 and 90?
1